q(-93)?
-2
Let z(v) = 106*v + 24808. Determine z(-234).
4
Let y(v) = 111*v + 1558. Determine y(-14).
4
Let y(w) = w**3 + 9*w**2 - 55*w - 15. Determine y(4).
-27
Let r(o) = -2*o**3 - 6*o**2 + 47*o + 190. Calculate r(-5).
55
Let o(z) = -1647*z - 123516. What is o(-75)?
9
Let k(r) = -2*r**3 - 76*r + 7. Determine k(0).
7
Let o(c) = 27*c**3 - 121*c - 121. Calculate o(-1).
-27
Let t(x) = -22*x - 67. Determine t(-9).
131
Let h(o) = -o**2 - 385*o - 2288. Calculate h(-6).
-14
Let x(h) = h - 90. Give x(26).
-64
Let w(l) = 6*l**2 - 27*l - 20. Give w(9).
223
Let k(f) = -13062*f + 65312. Give k(5).
2
Let u(n) = -96*n + 2020. Calculate u(19).
196
Let c(m) = -m**3 - 26*m**2 + 21*m - 176. Give c(-27).
-14
Let r(f) = 291*f**2 + 5*f + 4. Give r(-1).
290
Let s(m) = 6*m**3 - 2*m**2 - 79*m - 78. Determine s(-1).
-7
Let i(m) = -m**2 - 97*m + 518. Give i(5).
8
Let l(f) = f**3 - 44*f**2 + 423*f + 235. What is l(15)?
55
Let f(x) = -4*x**3 - 141*x**2 - 38*x - 79. Calculate f(-35).
26
Let m(z) = -52*z**2 - 4*z - 25. Determine m(-3).
-481
Let c(r) = -31*r + 677. Give c(28).
-191
Let m(k) = -2*k**3 + 11*k**2 + 6*k - 56. Give m(4).
16
Let o(j) = -390*j - 5085. What is o(-13)?
-15
Let o(x) = 2*x**2 + 937*x + 5541. What is o(-6)?
-9
Let d(q) = q**3 + 99*q**2 + 86*q - 1179. Determine d(-98).
-3
Let p(c) = -13*c**3 - 1067*c**2 - 80*c + 137. Determine p(-82).
-27
Let l(u) = -2*u**3 - 20*u**2 - 18*u - 23. Determine l(-8).
-135
Let l(c) = -c**3 + 3*c**2 + 8*c - 47. What is l(5)?
-57
Let x(z) = -15*z**2 - 3*z - 2. Determine x(-3).
-128
Let c(r) = 162*r + 1729. Calculate c(-11).
-53
Let g(c) = -c**3 - 36*c**2 + 14*c - 2371. Give g(-38).
-15
Let w(t) = -1214*t - 8510. Determine w(-7).
-12
Let m(p) = p**3 + p**2 - 3*p - 63. Determine m(0).
-63
Let d(w) = 5*w**3 - 39*w**2 + 39*w - 382. Calculate d(8).
-6
Let r(z) = 5*z**2 - 9*z - 240. Give r(-9).
246
Let i(l) = -l**3 + l**2 + l - 257. What is i(0)?
-257
Let h(l) = 19*l**2 + 507*l - 508. What is h(1)?
18
Let z(w) = w**2 + 10*w - 269. Determine z(-22).
-5
Let i(f) = 51*f**2 + 311*f - 20. Give i(-7).
302
Let u(q) = 4*q**2 - 29*q - 4. Calculate u(5).
-49
Let p(x) = x**2 + 6*x - 58. Give p(13).
189
Let r(g) = -g**3 - 18*g**2 + 24*g + 403. What is r(-18)?
-29
Let p(v) = -v**3 - 3*v**2 + 342*v - 25. Determine p(17).
9
Let q(d) = 41*d**2 + 8*d + 26. Give q(-3).
371
Let o(b) = -6*b**3 - 55*b**2 + 3*b + 50. Calculate o(-9).
-58
Let u(p) = -2*p**2 + 262*p - 1016. Give u(4).
0
Let y(k) = 98*k - 543. Calculate y(7).
143
Let d(t) = -2*t**3 - 48*t**2 + 159*t - 75. Calculate d(-27).
6
Let f(o) = -10287*o + 72012. Give f(7).
3
Let f(t) = 516*t - 4138. Determine f(8).
-10
Let m(y) = -y**2 + 81*y + 4372. Determine m(118).
6
Let h(q) = 799*q - 38345. Determine h(48).
7
Let g(n) = n**2 + 47*n - 191. Calculate g(4).
13
Let d(l) = l**3 - 7*l**2 + 60*l + 30. Give d(0).
30
Let r(y) = -169*y - 10803. Calculate r(-64).
13
Let g(n) = -n**3 - 27*n**2 - 161*n - 6355. Give g(-29).
-4
Let n(j) = 12*j**2 + j - 11. Give n(5).
294
Let v(j) = 7*j**3 + 6*j**2 + 5*j + 6. Give v(-3).
-144
Let x(t) = 9*t**2 - 18*t + 28. Give x(5).
163
Let d(h) = -10*h**2 + 316*h - 183. What is d(30)?
297
Let v(x) = x**3 - 7*x**2 - 2*x - 271. What is v(10)?
9
Let y(l) = -13*l - 514. Give y(-28).
-150
Let c(f) = -44*f + 805. Give c(27).
-383
Let g(d) = -405*d**3 - 3*d**2 - 16*d - 12. What is g(-1)?
406
Let g(q) = -q**3 - 10*q**2 + 696*q + 178. What is g(22)?
2
Let v(f) = 3*f**3 - 493*f**2 - 329*f - 180. Give v(165).
-15
Let u(p) = 1066*p + 19201. Determine u(-18).
13
Let i(j) = 82*j + 600. Determine i(-8).
-56
Let g(i) = -3*i**3 - 9*i**2 + 29*i + 1. Calculate g(-5).
6
Let i(b) = -4*b**2 - 116*b + 6. Calculate i(-29).
6
Let i(t) = -19*t - 160. Determine i(-12).
68
Let h(y) = -y**3 - 4*y**2 + 18*y + 70. Determine h(-5).
5
Let c(d) = d**2 + 33*d - 921. Calculate c(-51).
-3
Let t(u) = 163*u + 26592. Give t(-163).
23
Let y(f) = 593*f + 615. Determine y(-1).
22
Let r(y) = 497*y + 1499. Determine r(-3).
8
Let w(v) = 83*v + 2892. What is w(-35)?
-13
Let w(z) = 109*z + 3312. What is w(-31)?
-67
Let m(p) = 7*p**2 - 52*p - 19. What is m(8)?
13
Let g(f) = 5*f**3 + 29*f**2 + 20*f + 1. Calculate g(-5).
1
Let r(t) = 5*t**2 - 133*t + 177. Determine r(25).
-23
Let x(f) = 11*f - 116. Give x(10).
-6
Let a(z) = z**3 - 33*z**2 + z - 169. Give a(33).
-136
Let f(v) = 3*v**3 + 46*v**2 - 25*v + 37. Determine f(-16).
-75
Let p(s) = -s**2 + 22*s + 9. Give p(23).
-14
Let r(u) = u**3 + 60*u**2 + 65*u + 293. Determine r(-59).
-61
Let y(q) = 2*q**2 + 1095*q - 19184. Give y(17).
9
Let r(k) = -k**2 + 5*k + 258. Determine r(19).
-8
Let u(g) = -2*g**3 - 4*g**2 - 11*g - 152. Calculate u(-6).
202
Let h(k) = 7*k**3 - 4*k**2 - 22. What is h(3)?
131
Let q(r) = r**3 - 17*r**2 + 48*r - 12. Calculate q(6).
-120
Let f(m) = m**2 + 5*m - 2. Calculate f(-8).
22
Let f(v) = -v**3 - 8*v**2 + 128*v + 842. Calculate f(-6).
2
Let p(l) = 7*l**3 + 161*l**2 - 2*l - 36. Determine p(-23).
10
Let h(a) = -2*a**3 - 176*a**2 + 181*a + 266. Calculate h(-89).
-1
Let d(r) = -5*r**2 - 31*r + 32. Determine d(-11).
-232
Let i(d) = -2*d**3 - 5*d**2 + 4*d - 8. Determine i(-4).
24
Let a(w) = 2*w**3 - 12*w**2 - 607*w + 4150. Calculate a(7).
-1
Let w(q) = -290*q + 872. Give w(3).
2
Let w(c) = -18*c + 43. Calculate w(-9).
205
Let o(l) = 3001*l + 30012. Calculate o(-10).
2
Let a(u) = u**3 + 21*u**2 - 49*u - 66. Determine a(-23).
3
Let c(p) = -30*p - 98. Calculate c(-9).
172
Let i(t) = -t**2 - 45*t + 589. What is i(10)?
39
Let a(w) = -73*w - 40. Give a(4).
-332
Let i(c) = 165*c + 28704. Calculate i(-174).
-6
Let w(a) = 9*a**2 + 1123*a - 268. What is w(-125)?
-18
Let o(p) = -2*p**3 + 65*p**2 - 37*p + 102. What is o(32)?
-58
Let m(l) = 2*l**2 + 58*l + 80. Calculate m(-30).
140
Let k(n) = 131*n - 536. Calculate k(4).
-12
Let k(n) = -n**3 - n**2 - 522. Give k(0).
-522
Let y(f) = 8*f - 233. Determine y(-8).
-297
Let j(p) = -p**3 + 5*p**2 + 5*p - 22. Determine j(3).
11
Let k(q) = q**2 - 19*q - 317. Calculate k(-11).
13
Let f(g) = -g**3 - 42*g**2 - 14*g - 2462. What is f(-43)?
-11
Let n(i) = -69*i - 57. Determine n(-1).
12
Let i(d) = d**3 + 22*d**2 - 26*d - 22. What is i(-23)?
47
Let p(q) = q**2 - 48*q - 3655. Determine p(89).
-6
Let f(z) = 2*z - 203. What is f(31)?
-141
Let c(r) = r**3 + 20*r**2 - 2*r - 41. What is c(-20)?
-1
Let f(m) = -11*m**2 - 2147*m - 393. Give f(-195).
-3
Let i(g) = -912*g - 8209. Give i(-9).
-1
Let u(l) = -704*l + 2116. Give u(3).
4
Let y(c) = -c - 64. What is y(22)?
-86
Let a(s) = -277*s**2 - 6926*s - 20. Give a(-25).
5
Let d(f) = 123*f**2 + 4*f - 1. What is d(1)?
126
Let y(c) = -83*c + 12835. Determine y(155).
-30
Let n(w) = -w**3 + 93*w**2 + 217*w - 2556. Determine n(95).
9
Let w(k) = -20*k**2 + 1305*k - 1601. Give w(64).
-1
Let c(k) = 5*k**2 + 235*k + 255. Determine c(-46).
25
Let r(h) = -28*h - 530. Calculate r(-16).
-82
Let t(m) = -54*m**2 + 22*m + 3. Determine t(1).
-29
Let o(v) = -2*v**3 - 16*v**2 - 18*v - 5. Give o(-7).
23
Let s(c) = -4*c + 22. Give s(2).
14
Let b(f) = f**3 - 22*f**2 + 59*f - 29. Determine b(2).
9
Let n(p) = -6*p**2 + 36*p - 3. What is n(7)?
-45
Let f(s) = -53*s**3 + 4*s**2 - 1. What is f(-1)?
56
Let s(m) = m**3 + 66*m**2 + 15*m + 988. What is s(-66)?
-2
Let w(l) = l**2 + 41*l + 121. Determine w(-6).
-89
Let k(m) = 2*m**2 + 21*m + 12. Calculate k(-10).
2
Let q(x) = -136*x - 954. What is q(-7)?
-2
Let p(u) = -u**3 - 50*u**2 - 135*u + 283. Determine p(-47).
1
Let o(p) = -p**2 + 93*p - 1285. Calculate o(67).
457
Let p(s) = -s**3 - 9*s**2 + 3214*s + 32029. Determine p(-10).
-11
Let u(w) = w**3 + 4*w**2 - 18*w - 6. Give u(-4).
66
Let j(i) = -17226*i - 120582. Determine j(-7).
0
Let j(g) = -19*g**2 - 273*g + 275. What is j(-15)?
95
Let n(t) = -469*t**3 - t**2 - 4*t + 5. What is n(1)?
-469
Let s(m) = 63*m - 93. Determine s(9).
474
Let z(n) = -n**3 - 15*n**2 - 109*n - 1287. Determine z(-14).
43
Let h(q) = -2*q**3 + 14*q**2 + 37*q - 9. Give h(9).
0
Let c(l) = 42*l**3 - 4*l**2 - 2*l + 1. What is c(-1)?
-43
Let t(n) = 44*n - 1623. Give t(36).
-39
Let k(o) = 45*o - 1252. Determine k(29).
53
Let m(q) = 2*q**2 - 413*q + 3607. Determine m(9).
52
Let a(f) = -5*f - 48. Give a(-4).
-28
Let h(p) = 342*p - 3458. Give h(11).
304
Let u(a) = -31147*a + 93439. Determine u(3).
-2
Let q(k) = -3*k**2 - 50*k + 283. What is q(4)?
35
Let n(b) = -80